hat is bc - -4830a9?
483198
In base 5, what is -3414200101 + 2?
-3414200044
In base 14, what is 31 + -182306?
-1822b5
In base 7, what is -12060 - -1325425?
1313335
In base 11, what is 22a108 + 24?
22a131
In base 15, what is 3 - -1b6725a3?
1b6725a6
In base 9, what is -2 - -13751862?
13751860
In base 16, what is -19d94 + -26?
-19dba
In base 13, what is -258 - 3642?
-389a
In base 2, what is 1110101000101 + 11001010100101?
100111111101010
In base 8, what is -4762377 - 56?
-4762455
In base 9, what is -2757 - 15888?
-18756
In base 14, what is -2 + -4cc40c?
-4cc410
In base 4, what is -1130102 - -21203?
-1102233
In base 15, what is -242 - -eb806?
eb5b4
In base 14, what is 0 + -1ddd989a?
-1ddd989a
In base 9, what is -50 - 516541?
-516601
In base 3, what is 201010202 - 12102?
200221100
In base 10, what is -7 + -11815795?
-11815802
In base 2, what is 1111001 - -110110010011110?
110110100010111
In base 10, what is 84 - -94886?
94970
In base 9, what is -22367605 + -2?
-22367607
In base 5, what is 131 + 43303030?
43303211
In base 10, what is -5 - -676106?
676101
In base 8, what is 141745166 - 5?
141745161
In base 3, what is 21020011112111221 - -1?
21020011112111222
In base 2, what is -1011101100100 + -1110100010101001?
-10000000000001101
In base 12, what is -7681722 + 5?
-7681719
In base 5, what is -11023221 - 304?
-11024030
In base 12, what is 0 + -2131040?
-2131040
In base 16, what is 4d2 + 129ca?
12e9c
In base 6, what is -13 - 4045122324?
-4045122341
In base 9, what is 2 + -1684422?
-1684420
In base 11, what is 14 + 11456482?
11456496
In base 12, what is 402 - 225904?
-225502
In base 4, what is -13221 + -132202213?
-132222100
In base 2, what is 1011101001011100001100101 - 110?
1011101001011100001011111
In base 16, what is 1 + 5df955?
5df956
In base 9, what is 7761 + 12428?
21300
In base 5, what is 1114302102 - -310?
1114302412
In base 4, what is -12 + -10221123231?
-10221123303
In base 12, what is -13939440 - -5?
-13939437
In base 16, what is 95d7 + a5?
967c
In base 12, what is -4ab1 + -889?
-577a
In base 7, what is 232 - -444126?
444361
In base 15, what is -29c9547 - 1?
-29c9548
In base 9, what is -2 + 405553?
405551
In base 5, what is -3 - 334300011?
-334300014
In base 14, what is -d91408 - 9?
-d91413
In base 10, what is -19117462 + 3?
-19117459
In base 10, what is -651896 - -2?
-651894
In base 7, what is 1044 - 11325561?
-11324514
In base 16, what is -4d8a18 + -6b?
-4d8a83
In base 6, what is -24322 + -1230355?
-1255121
In base 10, what is -22 - -115338?
115316
In base 13, what is -2b35800 + -3?
-2b35803
In base 15, what is 5 + -4c9354?
-4c934e
In base 9, what is -5181482 + 120?
-5181362
In base 8, what is 626 + -14653?
-14025
In base 5, what is 3140 - -401334?
410024
In base 5, what is 30 + -140314042?
-140314012
In base 5, what is 133403 + 420200?
1104103
In base 4, what is 1 - -103111011310?
103111011311
In base 16, what is -c2da1 - 13?
-c2db4
In base 7, what is 1365212601 + 4?
1365212605
In base 3, what is 1200112122101100 + -10?
1200112122101020
In base 5, what is 2113201331 - -1?
2113201332
In base 10, what is -354925 - 25?
-354950
In base 5, what is -104322401323 - -12?
-104322401311
In base 13, what is 17840969 - 0?
17840969
In base 10, what is -199071 - -878?
-198193
In base 12, what is -39b56 - 26?
-39b80
In base 3, what is 2020 - 1220022112120000?
-1220022112110210
In base 2, what is 1001011001110 - 1000100101101?
110100001
In base 12, what is 39 + -aba67b?
-aba642
In base 11, what is 15 - -577514?
577529
In base 11, what is -3 - -9892a76?
9892a73
In base 2, what is 101 - 100000101010000011010?
-100000101010000010101
In base 10, what is 20534 - 380?
20154
In base 2, what is 1001111100111 + 11001010000010?
100011001101001
In base 15, what is -5de + 278?
-366
In base 12, what is -2b5a - 1497?
-4435
In base 15, what is -be5 - 2e44?
-3b39
In base 6, what is 4 + -3251325454?
-3251325450
In base 8, what is 0 + 33245723?
33245723
In base 10, what is -5 + 2600438?
2600433
In base 4, what is -1320110103 + 2310?
-1320101133
In base 6, what is 0 + 244504135?
244504135
In base 15, what is -41a + -233?
-64d
In base 5, what is -20233 + 1004241?
434003
In base 9, what is -123 + -108854?
-110077
In base 16, what is 18 + 2b3bc?
2b3d4
In base 16, what is 16 + 7730e3?
7730f9
In base 9, what is 35384 + 775?
36270
In base 13, what is 106c64c + -1?
106c64b
In base 12, what is -695652a + -1?
-695652b
In base 15, what is -11876 + -3dc?
-11c63
In base 10, what is 10494 - 2707?
7787
In base 13, what is -370 + -160a2c?
-16109c
In base 4, what is -112030033 - 2011?
-112032110
In base 9, what is 14657 - -1412?
16170
In base 14, what is 2d - -78a126?
78a155
In base 9, what is 6 - 565835725?
-565835718
In base 2, what is 10001010 - -11111000110100001111?
11111000110110011001
In base 8, what is 33 + -4506174?
-4506141
In base 4, what is 221 - 33211012323?
-33211012102
In base 3, what is 2010001000222120210 - -10?
2010001000222120220
In base 8, what is -210 - 40630?
-41040
In base 13, what is 4787 - 701?
4086
In base 8, what is 3462726676 + 5?
3462726703
In base 10, what is -7149560 + -3?
-7149563
In base 12, what is 900 + -7897?
-6b97
In base 15, what is ae - -2b187?
2b246
In base 9, what is 8 - -654637?
654646
In base 15, what is 198 + -4dc61?
-4dab8
In base 11, what is 484a2 - 162?
48340
In base 12, what is -4443b7 - -11?
-4443a6
In base 10, what is 49575 + 21?
49596
In base 5, what is -22 + -1333144300?
-1333144322
In base 9, what is 17727805 - -52?
17727857
In base 5, what is -102021010 - -2024?
-102013431
In base 6, what is -2 + 401411050?
401411044
In base 3, what is 102010 + -221201001?
-221021221
In base 6, what is -5 - 30412015313?
-30412015322
In base 13, what is -55c4b2 + 15?
-55c49a
In base 13, what is -9a8 + 674?
-334
In base 11, what is 9168648 + -1?
9168647
In base 5, what is -13422 - -1221220?
1202243
In base 8, what is -157737 - -10772?
-146745
In base 13, what is c610 + 512?
cb22
In base 16, what is -142b5489 - 5?
-142b548e
In base 9, what is 2331 + -166067?
-163636
In base 11, what is -1593 - -3368?
1885
In base 5, what is -32041330 + 100?
-32041230
In base 4, what is 303 - -3101023333?
3101030302
In base 5, what is -2042 + 132203343?
132201301
In base 3, what is 2 + 101112201120012022?
101112201120012101
In base 5, what is -4 + 110422214124?
110422214120
In base 6, what is -2 - 104255521?
-104255523
In base 16, what is 15cc + -1556?
76
In base 8, what is -21560 + 1152?
-20406
In base 3, what is -20121111202211001 - -10?
-20121111202210221
In base 13, what is 1285 - 31a93?
-3080b
In base 3, what is -2010021001000 - 11?
-2010021001011
In base 11, what is 619 - 1586?
-a68
In base 4, what is 13030131030 - -303?
13030131333
In base 2, what is 11 - 10001011100010100001000?
-10001011100010100000101
In base 5, what is 0 + -11444414?
-11444414
In base 8, what is 302275217 - 5?
302275212
In base 16, what is 7dc + -e02?
-626
In base 15, what is -13b427e + -1?
-13b4280
In base 6, what is 41334 + 14423?
100201
In base 2, what is 11 - 111110101100000000000?
-111110101011111111101
In base 12, what is -796 + -90?
-866
In base 13, what is 1b1b71 + -284?
1b18ba
In base 12, what is 11 - 195aa2?
-195a91
In base 13, what is -92 - -2516b?
250a9
In base 7, what is 101042123 + 5?
101042131
In base 12, what is 64589 + 17?
645a4
In base 9, what is -30767 + 3066?
-26701
In base 8, what is 27 - -13723361?
13723410
In base 10, what is -4 - 19418176?
-19418180
In base 3, what is -102110222111 + 10112?
-102110211222
In base 3, what is 21220110 + 2012101101?
2111021211
In base 2, what is 1101100100 + -101011110010?
-11110001110
In base 10, what is 112911 - -600?
113511
In base 15, what is aa89 + -867?
a222
In base 2, what is -10101 + 1101111001101100111?
1101111001101010010
In base 5, what is 3341132224 + -3?
3341132221
In base 4, what is 11 + 13033301012?
13033301023
In base 6, what is 22412 + -51514?
-25102
In base 10, what is -250 - 112663?
-112913
In base 11, what is 1 - 3705839?
-3705838
In base 15, what is -15109 + 66?
-15093
In base 13, what is 6 - 5b9ab5?
-5b9aac
In base 14, what is 478 - b897?
-b41d
In base 16, what is -61 - 27754?
-277b5
In base 12, what is 718688 + 111?
718799
In base 4, what is -1331331031 - 3132?
-1332000223
In base 7, what is 3202 + 45125?
51330
In 